{"id":295,"date":"2024-08-28T13:46:06","date_gmt":"2024-08-28T13:46:06","guid":{"rendered":"https:\/\/seisoitofish.com\/2025\/?page_id=295"},"modified":"2024-08-28T13:48:26","modified_gmt":"2024-08-28T13:48:26","slug":"preparado-de-marisco","status":"publish","type":"page","link":"https:\/\/seisoitofish.com\/2025\/produtos\/preparado-de-marisco\/","title":{"rendered":"Preparado de Marisco"},"content":{"rendered":"\t\t<div data-elementor-type=\"wp-page\" data-elementor-id=\"295\" class=\"elementor elementor-295\">\n\t\t\t\t<div class=\"elementor-element elementor-element-62ce8920 e-flex e-con-boxed e-con e-parent\" data-id=\"62ce8920\" data-element_type=\"container\">\n\t\t\t\t\t<div class=\"e-con-inner\">\n\t\t\t\t<div class=\"elementor-element elementor-element-d288215 elementor-widget elementor-widget-mfn_feature_box\" data-id=\"d288215\" data-element_type=\"widget\" data-widget_type=\"mfn_feature_box.default\">\n\t\t\t\t<div class=\"elementor-widget-container\">\n\t\t\t<div class=\"feature_box\"><div class=\"feature_box_wrapper\" ><div class=\"photo_wrapper\"><img fetchpriority=\"high\" decoding=\"async\" class=\"scale-with-grid\" src=\"https:\/\/seisoitofish.com\/2025\/wp-content\/uploads\/2024\/08\/prepmarscio.jpg\" alt=\"prepmarscio\" width=\"1497\" height=\"1500\" \/><\/div><div class=\"desc_wrapper\"><div class=\"desc\"><p><strong>Apresenta\u00e7\u00e3o<\/strong><br \/>- Em peda\u00e7os<br \/><br \/><strong>Carater\u00edsticas<\/strong><br \/>Composi\u00e7\u00e3o de diversos tipos de pescado (surimi, miolos de camar\u00e3o, am\u00eaijoa e mexilh\u00e3o, ameijoa com casca, mexilh\u00e3o meia concha e camar\u00e3o inteiro)<\/p><p>Possibilidade de ajustar a composi\u00e7\u00e3o<br \/><br \/><strong>Embalagem<\/strong><br \/>Em saco<br \/>Em cuvete termoformada<br \/>A granel<\/p><\/div><\/div><\/div><\/div>\n\t\t<\/div>\n\t\t\t\t<\/div>\n\t\t\t\t\t<\/div>\n\t\t\t\t<\/div>\n\t\t\t\t<\/div>\n\t\t","protected":false},"excerpt":{"rendered":"<p>Apresenta\u00e7\u00e3o &#8211; Em peda\u00e7os Carater\u00edsticas Composi\u00e7\u00e3o de diversos tipos de pescado (surimi, miolos de camar\u00e3o, am\u00eaijoa e mexilh\u00e3o, ameijoa com casca, mexilh\u00e3o meia concha e camar\u00e3o<span class=\"excerpt-hellip\"> [\u2026]<\/span><\/p>\n","protected":false},"author":1,"featured_media":0,"parent":14,"menu_order":0,"comment_status":"closed","ping_status":"closed","template":"","meta":{"footnotes":""},"class_list":["post-295","page","type-page","status-publish","hentry"],"_links":{"self":[{"href":"https:\/\/seisoitofish.com\/2025\/wp-json\/wp\/v2\/pages\/295","targetHints":{"allow":["GET"]}}],"collection":[{"href":"https:\/\/seisoitofish.com\/2025\/wp-json\/wp\/v2\/pages"}],"about":[{"href":"https:\/\/seisoitofish.com\/2025\/wp-json\/wp\/v2\/types\/page"}],"author":[{"embeddable":true,"href":"https:\/\/seisoitofish.com\/2025\/wp-json\/wp\/v2\/users\/1"}],"replies":[{"embeddable":true,"href":"https:\/\/seisoitofish.com\/2025\/wp-json\/wp\/v2\/comments?post=295"}],"version-history":[{"count":8,"href":"https:\/\/seisoitofish.com\/2025\/wp-json\/wp\/v2\/pages\/295\/revisions"}],"predecessor-version":[{"id":304,"href":"https:\/\/seisoitofish.com\/2025\/wp-json\/wp\/v2\/pages\/295\/revisions\/304"}],"up":[{"embeddable":true,"href":"https:\/\/seisoitofish.com\/2025\/wp-json\/wp\/v2\/pages\/14"}],"wp:attachment":[{"href":"https:\/\/seisoitofish.com\/2025\/wp-json\/wp\/v2\/media?parent=295"}],"curies":[{"name":"wp","href":"https:\/\/api.w.org\/{rel}","templated":true}]}}